{"id":18,"date":"2024-12-06T20:56:36","date_gmt":"2024-12-06T19:56:36","guid":{"rendered":"https:\/\/asblose.be\/?page_id=18"},"modified":"2024-12-12T18:55:43","modified_gmt":"2024-12-12T17:55:43","slug":"contact","status":"publish","type":"page","link":"https:\/\/asblose.be\/?page_id=18","title":{"rendered":"Contact"},"content":{"rendered":"\n<p class=\"has-text-color has-link-color has-normal-font-size wp-elements-60bc8408a7f89f01c9461b2ece680868\" style=\"color:#fdfdfd\">Si vous d\u00e9sirez des informations sur les cours, les stages ou autres \u00e9v\u00e9nements n&#8217;h\u00e9sitez pas \u00e0 nous contacter via les coordonn\u00e9es ci-dessous:<\/p>\n\n\n\n<p class=\"has-text-color has-link-color has-normal-font-size wp-elements-db47205fdb167a69bdbeb0cf63bc72e1\" style=\"color:#fdfdfd\">OSE ASBL<br>Grand rue, 48<br>6760 Virton<\/p>\n\n\n\n<p class=\"has-text-color has-link-color has-normal-font-size wp-elements-88d8103685f43b646cf1773f6049f0c1\" style=\"color:#fdfdfd\"><a href=\"mailto:info@asblose.be\">info@asblose.be<\/a><\/p>\n\n\n\n<p class=\"has-text-color has-link-color has-normal-font-size wp-elements-87ab6741fff2af05da91b31954538e00\" style=\"color:#fdfdfd\">0032\/ 497 92 09 83<\/p>\n\n\n\n<p><\/p>\n","protected":false},"excerpt":{"rendered":"<p>Si vous d\u00e9sirez des informations sur les cours, les stages ou autres \u00e9v\u00e9nements n&#8217;h\u00e9sitez pas \u00e0 nous contacter via les coordonn\u00e9es ci-dessous: OSE ASBLGrand rue, 486760 Virton info@asblose.be 0032\/ 497 92 09 83<\/p>\n","protected":false},"author":1,"featured_media":0,"parent":0,"menu_order":0,"comment_status":"closed","ping_status":"closed","template":"","meta":{"footnotes":""},"class_list":["post-18","page","type-page","status-publish","hentry"],"_links":{"self":[{"href":"https:\/\/asblose.be\/index.php?rest_route=\/wp\/v2\/pages\/18","targetHints":{"allow":["GET"]}}],"collection":[{"href":"https:\/\/asblose.be\/index.php?rest_route=\/wp\/v2\/pages"}],"about":[{"href":"https:\/\/asblose.be\/index.php?rest_route=\/wp\/v2\/types\/page"}],"author":[{"embeddable":true,"href":"https:\/\/asblose.be\/index.php?rest_route=\/wp\/v2\/users\/1"}],"replies":[{"embeddable":true,"href":"https:\/\/asblose.be\/index.php?rest_route=%2Fwp%2Fv2%2Fcomments&post=18"}],"version-history":[{"count":8,"href":"https:\/\/asblose.be\/index.php?rest_route=\/wp\/v2\/pages\/18\/revisions"}],"predecessor-version":[{"id":134,"href":"https:\/\/asblose.be\/index.php?rest_route=\/wp\/v2\/pages\/18\/revisions\/134"}],"wp:attachment":[{"href":"https:\/\/asblose.be\/index.php?rest_route=%2Fwp%2Fv2%2Fmedia&parent=18"}],"curies":[{"name":"wp","href":"https:\/\/api.w.org\/{rel}","templated":true}]}}